e
Let q = 59947 - -44512. Is q a prime number?
True
Let i be 7 + (-7)/14*14. Suppose i = -17*u + 6*u + 35354. Is u a composite number?
True
Let p(w) = w**2 + 25*w + 6. Suppose 8*q + 3*q + 286 = 0. Let v be p(q). Is 2/13 + v/(-208) - -377 a composite number?
True
Let p = 25064 - 3334. Let g = 30785 - p. Is g prime?
False
Let x be (-19 + 21)/(6/39). Let d(k) = -k**2 + 31*k - 43. Is d(x) composite?
False
Let f = 80 - 55. Suppose h - f = 5*i, 0 = 5*i + 22 + 3. Suppose k - 4*k + 921 = h. Is k composite?
False
Let o = 2 + -1. Let r be (o - -5)/((-15 + 1)/(-7)). Suppose 522 = 3*y + r*z, -2*z - 3*z = -2*y + 383. Is y composite?
False
Is ((21822729/(-248))/(6/(-8)))/((-1)/(-2)) a composite number?
False
Let o(d) = -28 + 12*d + 3*d**3 - 3 - 10 - 7*d**3 - 9*d**2. Is o(-10) a composite number?
False
Suppose 3*j = -28*j - 185773 + 1629846. Is j a composite number?
True
Let r(i) = i**2 - 9*i + 17. Let q(s) = s + 5. Let u be q(0). Let o be r(u). Is (1 - -628)*(o + 4) prime?
False
Let d be -4 - -4 - -5 - (-34460 - -1). Let w = -21485 + d. Is w prime?
True
Let x = 53 - 49. Let q be 0/((-1)/(-3)*(-24)/x). Suppose 2*p - 123 = -q*m - m, 5*p = 5*m - 540. Is m prime?
True
Suppose -1 = -w - 4. Is ((-12898)/(-4))/(w/(-6)) prime?
True
Suppose 2*w = -4*f - 4, -2*f + 5*w = -6 - 4. Suppose -8*i + 5520 = -f*i. Suppose -i = -2*v - 8*v. Is v a prime number?
False
Suppose 3*x + 10 = -5, 0 = -y - 3*x - 5. Is (y/6)/((-11)/(-33)) - -5289 a composite number?
True
Suppose 0 = 5*c - 2*t - 1266353, -5*c + 639*t - 642*t = -1266383. Is c a composite number?
False
Let u(w) = 200*w**3 - 2*w**2 + 2*w - 23. Is u(9) composite?
False
Let i(h) = -141*h + 57*h + 21 - 14 - 52. Let x be i(16). Let t = x + 2012. Is t prime?
False
Let l(k) = -k**3 + 21*k**2 - 14*k + 12. Let o be l(10). Let n = o + 6857. Is n composite?
False
Let h be -2 + (0 - (-1 - 0)*-29). Let j = 35 + h. Suppose t - j*o = -3*t + 3948, 0 = -2*t + 3*o + 1970. Is t composite?
False
Let m(t) = -t**2. Let k(j) = 377*j**2 + 2*j - 1. Suppose -n = -3*n + 2. Let b(a) = n*k(a) - m(a). Is b(1) composite?
False
Let k(p) = 3*p**3 - 2*p**2 - 3*p - 4. Let z be k(3). Suppose -z = -30*s + 25*s. Let n(x) = 4*x**2 + 8*x - 7. Is n(s) prime?
False
Suppose 2*z - 3631 - 175 = 0. Let t(h) = h**2 - 14*h + 19. Let w be t(13). Suppose -w*q - 739 = -z. Is q prime?
False
Suppose 8 - 10 = -m. Suppose 4*d + n - 12 = 5*n, 0 = -3*d + m*n + 6. Suppose -10*k + 11*k - 1117 = d. Is k prime?
True
Let h = -67 + 57. Let z = h - -15. Suppose 0 = -a + z*g + 384, -a + 2*g + 344 = -55. Is a composite?
False
Is (40 + 1103232)*-1*2/(-8) a prime number?
False
Let g = -160 - -157. Is (7/14)/(g/(-4398)) composite?
False
Let x(m) = -11*m**3 + 2*m**2 - m. Let j be x(1). Is (-17019)/(-6) + j/(-20) a prime number?
True
Let n(a) be the first derivative of 1287*a**4/4 - a**3 + a**2/2 + 3*a - 147. Is n(2) composite?
False
Let u(n) = -n**3 - 10*n**2 - 19*n + 4. Let w be u(-8). Suppose 74*i = w*i + 182482. Is i prime?
True
Suppose -5*n - 17 + 42 = 0. Suppose -n*i = -16 + 6. Suppose 0 = a + 3*a - 4*m - 5896, i*m = -3*a + 4407. Is a a composite number?
False
Let b be (2 - -2)*2/4. Suppose 131 = -3*l + 134. Is ((-48)/72)/(l/((-7179)/b)) prime?
True
Let a(g) = -465*g**3 - g**2 - 25*g - 2. Let k(p) = -2*p**3 + p + 1. Let i(v) = -a(v) - k(v). Is i(4) a prime number?
False
Let c(f) = -92*f**2 - 2*f + 68553 + 184*f**2 - 97*f**2 - 18832. Is c(0) composite?
True
Let s(v) = -2*v**2 - 16*v - 15. Let i be s(-6). Suppose i*h - 18664 = h. Is h composite?
False
Let x = 293821 - 201084. Is x a prime number?
True
Let u be (-14532)/(-16) + (-9)/(-12). Suppose -12561 = -13*q + 4183. Let m = q - u. Is m a composite number?
False
Suppose -2*g = 2*w - 86220, -89*w + 84*w + g = -215556. Is w prime?
False
Suppose -4895 = -4*l + 5*d, 5*l - 6127 = -28*d + 26*d. Let h = l - -484. Is h a composite number?
False
Let b(z) = -1293*z + 1544. Is b(-21) prime?
True
Let x be (-9)/(-2)*22/33. Suppose -4*d + 0*a = 2*a - 35784, -x*d = -4*a - 26849. Is d a composite number?
True
Suppose 0 = -42*h + 37*h - 3*u + 3239914, -3*u + 1295953 = 2*h. Is h a prime number?
True
Suppose -16*w + 43 = -18*w + 481. Is w a composite number?
True
Suppose 115*z - 48576955 = 80*z. Is z composite?
False
Suppose m = 17*m. Suppose -4*h - q + 21006 = m, -q = -4*h - h + 26253. Is h composite?
True
Suppose 9*b - 6 = 6*b. Suppose p = 3*p - 2, -b*p = w - 7219. Suppose 7*i = 14*i - w. Is i a prime number?
True
Let h = 474531 + -195790. Is h a prime number?
True
Let a be (-37158)/(-27) - 2/9. Suppose 45*c - 51526 = -9811. Let p = a - c. Is p composite?
False
Let p = -10233 + 10418. Is p prime?
False
Let h be 1/((-1)/((-6)/(-6)))*0. Suppose h = -10*c + 17177 - 4587. Is c prime?
True
Let b(k) = 2991*k**2 + 26*k + 41. Let m(g) = g**2 - g + 1. Let x(t) = b(t) + 4*m(t). Is x(-2) composite?
False
Suppose 11*q - 30 = 9*q. Suppose -6*w + 15 = -q. Suppose w*h - 349 = 906. Is h composite?
False
Let x(z) be the second derivative of 53*z**4/12 + 7*z**3/3 - 23*z**2/2 - 44*z. Is x(2) a composite number?
True
Let l be 5/(-5) + -1*10. Is l/((-44)/(-20)) + 1*8292 a composite number?
False
Let y(s) = 179*s**2 + 2*s + 1. Let v be y(-2). Suppose -w + 2154 = 2*w + z, -2*z + v = w. Is w a prime number?
True
Is (-5)/(20 - 2925163/146257) prime?
False
Let y = 666043 + -435378. Is y composite?
True
Let c = 571236 + -388657. Is c a prime number?
True
Let g be 2*(1 + -12) + -3. Let l = g + 27. Suppose -j + 3*b + 3011 = 3*j, -l*b = 5*j - 3735. Is j a prime number?
False
Let i be (-115565)/(-87) + 6/9. Let b = 7924 + i. Is b a composite number?
True
Let p = -520815 + 1006793. Is p a prime number?
False
Let r(m) = 2*m**3 - 156*m**2 - 62*m - 59. Is r(81) a composite number?
True
Suppose -13*b + 33 = -10*b. Suppose -1 = b*s + 10. Is (5871/(-12) + 2)*(-3 + s) prime?
True
Let n(u) = -u + 2. Let w be n(-8). Let a = -6 + w. Suppose a*k + 5*h = 1493, 0 = -0*h - 5*h - 15. Is k a prime number?
False
Let j(x) = -11*x**3 - 90*x**2 - 79*x - 1. Let v(d) = -5*d**3 - 45*d**2 - 38*d - 1. Let o(q) = 6*j(q) - 13*v(q). Is o(42) a prime number?
False
Let i = 131 - 127. Let t(z) = 275*z**2 - 20*z + 1. Is t(i) a prime number?
False
Let t = 2318 - 701. Let g = t - -4838. Is g a composite number?
True
Let k(i) = -432*i - 3. Let x be k(-5). Let p = -1114 + x. Is p prime?
False
Is 2 + (-538855)/(-11) + 0 - 272/(-1496) prime?
True
Let j be (-630)/27*6/(-7). Suppose 0 = j*k + 8*k - 107716. Is k prime?
True
Suppose 631643 + 2321234 = 94*i + 33*i. Is i prime?
True
Let k(v) = -2*v + 4*v**2 + 0*v**3 + v**3 - 5 + 1 + v**2. Let g be k(-5). Suppose 0 = 2*l - g*l + 1892. Is l a composite number?
True
Suppose 2*s - 4*l + 5 = -3, 0 = -3*s + l + 13. Is (53182/(-3))/((-4)/s) a composite number?
False
Let m(o) = 14*o**2 + 48*o - 125. Let k(z) = z**2 + z + 1. Let n(w) = -2*k(w) + m(w). Is n(-39) a prime number?
False
Let n be ((-3)/(-3))/(18/36). Suppose n*y - 18127 = y. Is y a composite number?
False
Let m be 4/(40/185)*2170. Is m/4 - (-24)/32 prime?
True
Let b(o) = 147*o**2 - 47*o - 491. Is b(-14) a composite number?
False
Is ((-30)/(-140) - (-6)/21)*388958 prime?
True
Let p(h) = 271*h - 110. Let r = 144 - 131. Is p(r) prime?
True
Let s = -47927 - -112426. Is s a composite number?
False
Suppose -10*a + 23 + 7 = 0. Suppose -3 = 3*d, -l + a*l + 5*d = 257. Is l a prime number?
True
Suppose 582405 = -36*u + 4782057. Is u a composite number?
False
Let r be -6*(-2)/4 - (71 + 0). Let k = 63 + r. Is (k - -3)*(-479)/2 composite?
False
Suppose -v - 9293 = 4*p, 0 = 10*p - 12*p + 2. Let s = 20459 + v. Is s a prime number?
False
Suppose 5*l - 974585 = -w + 2*w, 3118713 = 16*l + 5*w. Is l a composite number?
True
Let l = 130 - 122. Suppose 5*z - 3*m = l, -m = -3 - 1. Suppose -3*t = z*o - 15133, 4*t - 7*t = 5*o - 15128. Is t a composite number?
False
Suppose 0 = -5*i + 7*i - 5*x - 705397, 3*i + 5*x - 1058058 = 0. Is i a composite number?
False
Let z be ((-45)/(-30))/(2/92). Let d = z - 253. Let i = d - -383. Is i prime?
True
Suppose 0 = 5*h + 3*a - 510514, 10*a - 63620 - 38511 = -h. Is h a composite number?
False
Let x be (21 + 4)/5 - -7. Is (-3)/x*1 - 327579/(-28) prime?
True
Let y = 601 - 596. Let o(u) = 269*u**2 - 94*u + 456. Is o(y) prime?
False
Let s(y) = 3*y**3 - 5*y**2 + 3*y + 14. Let n(p) = -p**3 + p**2 + 10*p - 13. Let 